{"id":1383,"date":"2022-06-25T19:24:35","date_gmt":"2022-06-25T19:24:35","guid":{"rendered":"https:\/\/kritzelklar.de\/?page_id=1383"},"modified":"2023-09-18T22:47:32","modified_gmt":"2023-09-18T22:47:32","slug":"1383-2","status":"publish","type":"page","link":"https:\/\/kritzelklar.de\/?page_id=1383","title":{"rendered":""},"content":{"rendered":"\n<h2>\n\t\tAktuelle Angebote\n\t<\/h2>\n<h2>\n\t\tGeld &#8211; Arbeit -Tausch\n\t<\/h2>\n\t<h3>Workshops mit der Erkl\u00e4rfilmreihe &#8222;Pic &amp; Voice: Was ist Geld?&#8220; f\u00fcr die 5. und 6. Klassenstufe<\/h3>\n<p>In den Workshops geht es darum, dass die Kinder sich mithilfe der Erkl\u00e4rfilme auf kritische und zugleich spielerische Weise der Thematik Geld und Arbeit n\u00e4hern. Wir gehen gemeinsam den Fragen: <em>Was ist Geld? Warum m\u00fcssen Menschen arbeiten gehen? Und warum haben manche mehr als andere?<\/em> auf den Grund.<\/p>\n<p>Das Angebot besteht aus zwei Workshops zu je 4 Schulstunden. Die Workshops bauen aufeinander auf, k\u00f6nnen jedoch auch einzeln gebucht werden.<\/p>\n<p>Bei Interesse schicken wir gerne mehr Infos zu!<\/p>\n\t\t\t\t<img decoding=\"async\" src=\"http:\/\/kritzelklar.de\/wp-content\/uploads\/2022\/06\/Still_Eisberg-1.png\" alt=\"Still_Eisberg\" itemprop=\"image\" title=\"Still_Eisberg\" onerror=\"this.style.display='none'\"  \/>\n\t\t\t<a href=\"https:\/\/kritzelklar.de\/?page_id=22\" target=\"_self\" rel=\"noopener\">\n\t\t\t\t\t\t\tKontaktiert uns\n\t\t\t\t\t<\/a>\n\t<h2>Die wichtigsten Infos auf einen Blick<\/h2>\n\n","protected":false},"excerpt":{"rendered":"<p>Aktuelle Angebote Geld &#8211; Arbeit -Tausch Workshops mit der Erkl\u00e4rfilmreihe &#8222;Pic &amp; Voice: Was ist Geld?&#8220; f\u00fcr die 5. und 6. Klassenstufe In den Workshops geht es darum, dass die Kinder sich mithilfe der Erkl\u00e4rfilme auf kritische und zugleich spielerische Weise der Thematik Geld und Arbeit n\u00e4hern. Wir gehen gemeinsam den Fragen: Was ist Geld? [&hellip;]<\/p>\n","protected":false},"author":1,"featured_media":0,"parent":0,"menu_order":0,"comment_status":"closed","ping_status":"closed","template":"","meta":[],"_links":{"self":[{"href":"https:\/\/kritzelklar.de\/index.php?rest_route=\/wp\/v2\/pages\/1383"}],"collection":[{"href":"https:\/\/kritzelklar.de\/index.php?rest_route=\/wp\/v2\/pages"}],"about":[{"href":"https:\/\/kritzelklar.de\/index.php?rest_route=\/wp\/v2\/types\/page"}],"author":[{"embeddable":true,"href":"https:\/\/kritzelklar.de\/index.php?rest_route=\/wp\/v2\/users\/1"}],"replies":[{"embeddable":true,"href":"https:\/\/kritzelklar.de\/index.php?rest_route=%2Fwp%2Fv2%2Fcomments&post=1383"}],"version-history":[{"count":9,"href":"https:\/\/kritzelklar.de\/index.php?rest_route=\/wp\/v2\/pages\/1383\/revisions"}],"predecessor-version":[{"id":1481,"href":"https:\/\/kritzelklar.de\/index.php?rest_route=\/wp\/v2\/pages\/1383\/revisions\/1481"}],"wp:attachment":[{"href":"https:\/\/kritzelklar.de\/index.php?rest_route=%2Fwp%2Fv2%2Fmedia&parent=1383"}],"curies":[{"name":"wp","href":"https:\/\/api.w.org\/{rel}","templated":true}]}}