{"id":650,"date":"2020-11-30T09:54:02","date_gmt":"2020-11-30T09:54:02","guid":{"rendered":"https:\/\/kollektiv-dunkelbunt.de\/?page_id=650"},"modified":"2024-06-28T23:31:36","modified_gmt":"2024-06-28T23:31:36","slug":"kurzfilmreihe-pic-und-voice-und-das-geld","status":"publish","type":"page","link":"https:\/\/kritzelklar.de\/?page_id=650","title":{"rendered":"Kurzfilmreihe: Pic und Voice und das Geld"},"content":{"rendered":"\n\n\t<h2>Clip 1 \/ Teaser: Wo ist das Geld?<\/h2>\n<p><iframe loading=\"lazy\" title=\"YouTube video player\" src=\"https:\/\/www.youtube-nocookie.com\/embed\/A5moHvTkgjM\" width=\"560\" height=\"315\" frameborder=\"0\" allowfullscreen=\"allowfullscreen\"><\/iframe><\/p>\n<p>Hier treten Pic und Voice das erste Mal gemeinsam auf und stellen sich der spannenden wie banalen Frage: &#8222;Was ist Geld?&#8220; Pic will es ganz genau wissen und beginnt deswegen erst einmal beim Tauschen von Gegenst\u00e4nden. An die eine Frage nach dem Geld schlie\u00dfen pl\u00f6tzlich unfassbar viele an. Was genau macht einen Gegenstand zu einem Tauschobjekt, zu einer Ware? Gemeinsam erkunden sie eine Tortenfabrik, bis auf einmal alles ganz anders l\u00e4uft als geplant!<\/p>\n<h2>Clip 2: Zeit zu tauschen<\/h2>\n<p><iframe loading=\"lazy\" title=\"YouTube video player\" src=\"https:\/\/www.youtube-nocookie.com\/embed\/E157IbaUF0M\" width=\"560\" height=\"315\" frameborder=\"0\" allowfullscreen=\"allowfullscreen\"><\/iframe><\/p>\n<p>Nach diesem Fiasko treffen sich Pic und Voice auf einem Sci-Fi-Markt, der mit seinen futuristischen Wesen so gar nicht an die mittelalterlichen M\u00e4rkte aus herk\u00f6mmlichen Geld-Erkl\u00e4rungen erinnert. Doch ums Tauschen geht es trotzdem und auch um Geld. Kann man einen Roller gegen eine Torte tauschen? Und welche Rolle spielt die Arbeitszeit dabei? Zwischen Torten- und Rollerproduktion verirrt sich Pic in schwierigen Erkl\u00e4rungen. Zum Gl\u00fcck hat Voice eine Idee wie es weiter gehen kann!<\/p>\n<h2>Clip 3: Im Tauschrausch<\/h2>\n<p><iframe loading=\"lazy\" title=\"YouTube video player\" src=\"https:\/\/www.youtube-nocookie.com\/embed\/BEdGqvEbcqU\" width=\"560\" height=\"315\" frameborder=\"0\" allowfullscreen=\"allowfullscreen\"><\/iframe><\/p>\n<p>Der dritte Clip spielt in einem magischen Tauschhaus, in dem endlich Dinge miteinander getauscht werden k\u00f6nnen. Alles stimmt, die Arbeitszeit, der Wert! Damit sollte das Tauschen eigentlich ratzfatz erledigt sein, meint Voice. Doch da hat sie nicht mit den Leuten im Tauschhaus gerechnet. Die wollen n\u00e4mlich ganz Unterschiedliches und die Antwort auf die Frage: &#8222;Was ist Geld?&#8220; r\u00fcckt in weite Ferne.<\/p>\n<h2>Clip 4: Geld ist&#8230;<\/h2>\n<p><iframe loading=\"lazy\" title=\"YouTube video player\" src=\"https:\/\/www.youtube-nocookie.com\/embed\/N5Z84oUG3kY\" width=\"560\" height=\"315\" frameborder=\"0\" allowfullscreen=\"allowfullscreen\"><\/iframe><\/p>\n<p>Voice ist nun endg\u00fcltig mit ihrer Geduld am Ende und \u00fcbernimmt im vierten Clip die Regie. In enger Zusammenarbeit mit Pic l\u00e4sst sie Geld wieder als Gegenstand auftauchen, aber gemeinsam mit dem Geld tauchen ganz unerwartet auch eine Menge Probleme am Horizont auf. Die beiden Held*innen merken, dass sie noch lange nicht die Antwort auf die Frage nach dem Geld gefunden haben.<\/p>\n<h2>Clip 5: Zwei au\u00dfer Rand und Band<\/h2>\n<p><iframe loading=\"lazy\" title=\"YouTube video player\" src=\"https:\/\/www.youtube-nocookie.com\/embed\/7tTLdfvm-aY\" width=\"560\" height=\"315\" frameborder=\"0\" allowfullscreen=\"allowfullscreen\"><\/iframe><\/p>\n<p>Im f\u00fcnften Clip versuchen Pic und Voice das Thema Geld nochmal aus einer ganz anderen Perspektive anzupacken: Mit Hilfe eines Computerspiels werden zwei Figuren eingef\u00fchrt, die auf sehr unterschiedliche Weise an Geld kommen. Eine ist eine Superheldin (Arbeitnehmerin) und eine ist eine H\u00fcterin von Dingen (Arbeitgeberin). Sie leben in ganz verschiedenen Welten. Doch was passiert, wenn sie zusammentreffen? Und kommen sie dann beide an Geld?<\/p>\n<h2>Clip 6: Nichts gemeinsam?!<\/h2>\n<figure><iframe loading=\"lazy\" src=\"https:\/\/www.youtube-nocookie.com\/embed\/jtTjfd3xWF8\" width=\"560\" height=\"315\" allowfullscreen=\"allowfullscreen\"><\/iframe><\/figure>\n<p>Als Antwort auf diese Fragen spielen die beiden Figuren im letzten Clip zusammen. Doch dabei geschieht etwas Seltsames: Immer wieder macht die Superheldin Dinge mit ihrer Superkraft und trotzdem bekommt die H\u00fcterin der Dinge am Ende des Tages mehr als die Superheldin. Irgendwas stimmt nicht mit dem Spiel, bemerkt Voice und gemeinsam gehen die beide Protagonist*innen ein vorerst letztes Mal auf eine Reise in einer abstrakten Eisbergwelt. K\u00f6nnen sie diesen eisigen Konflikt, der sich rund um das Thema Geld auftut l\u00f6sen?<\/p>\n<p>Die Reihe entstand in enger Zusammenarbeit mit Kindern der Hans-Fallada-Grundschule in Neuk\u00f6lln.<\/p>\n<h2>Credits<\/h2>\n<p>Drehbuch: Nana Melling, Florentine Seuffert<\/p>\n<p>Regie: Nana Melling, Florentine Seuffert, June Pauli, Sophia Bohnacker, Miriam Kiel<\/p>\n<p>Animation (Pic): June Pauli, Sophia Bohnacker, Miriam Kiel<\/p>\n<p>Sprecherin (Voice): Lisa Charlotte Friederich<\/p>\n<p>Musik &amp; Sound Design: Julien Herion<\/p>\n<p>Violine: Martha Rowsell<\/p>\n<p>Dramaturgie: Ina Ruth Schmidt<\/p>\n<p>Social Media: Maren Streibel, Lina L\u00e4titia Blatt<\/p>\n<p>Schrift &amp; Logo Design: turbo type<\/p>\n<p>Red. Mitarbeit: Jens Eschert<\/p>\n<p>\u00dcbersetzungsb\u00fcro (Drehbuch): Leicht gesagt<\/p>\n<hr \/>\n<p>Wir freuen uns \u00fcber Unterst\u00fctzung der PwC Stiftung und der Rosa Luxemburg Stiftung, die uns die Realisierung erm\u00f6glichen.<\/p>\n<p>Wenn ihr das Projekt unterst\u00fctzen m\u00f6chtet, dann k\u00f6nnt ihr <a href=\"https:\/\/kollektiv-dunkelbunt.de\/?page_id=22\">hier<\/a> spenden!<\/p>\n<p>&nbsp;<\/p>\n<figure><img decoding=\"async\" loading=\"lazy\" src=\"https:\/\/kollektiv-dunkelbunt.de\/wp-content\/uploads\/2020\/12\/PwC_Stiftung_black_ohne-Unterzeile-1-700x145.jpg\" alt=\"\" width=\"525\" height=\"109\" \/><\/figure>\n<figure><img decoding=\"async\" loading=\"lazy\" src=\"https:\/\/kollektiv-dunkelbunt.de\/wp-content\/uploads\/2020\/11\/RLS_Logo-einzeilig-flatter_unten_links_de-1-700x92.jpg\" alt=\"\" width=\"525\" height=\"69\" \/><\/figure>\n\n","protected":false},"excerpt":{"rendered":"<p>Clip 1 \/ Teaser: Wo ist das Geld? Hier treten Pic und Voice das erste Mal gemeinsam auf und stellen sich der spannenden wie banalen Frage: &#8222;Was ist Geld?&#8220; Pic will es ganz genau wissen und beginnt deswegen erst einmal beim Tauschen von Gegenst\u00e4nden. An die eine Frage nach dem Geld schlie\u00dfen pl\u00f6tzlich unfassbar viele [&hellip;]<\/p>\n","protected":false},"author":1,"featured_media":0,"parent":0,"menu_order":0,"comment_status":"closed","ping_status":"closed","template":"","meta":[],"_links":{"self":[{"href":"https:\/\/kritzelklar.de\/index.php?rest_route=\/wp\/v2\/pages\/650"}],"collection":[{"href":"https:\/\/kritzelklar.de\/index.php?rest_route=\/wp\/v2\/pages"}],"about":[{"href":"https:\/\/kritzelklar.de\/index.php?rest_route=\/wp\/v2\/types\/page"}],"author":[{"embeddable":true,"href":"https:\/\/kritzelklar.de\/index.php?rest_route=\/wp\/v2\/users\/1"}],"replies":[{"embeddable":true,"href":"https:\/\/kritzelklar.de\/index.php?rest_route=%2Fwp%2Fv2%2Fcomments&post=650"}],"version-history":[{"count":56,"href":"https:\/\/kritzelklar.de\/index.php?rest_route=\/wp\/v2\/pages\/650\/revisions"}],"predecessor-version":[{"id":1577,"href":"https:\/\/kritzelklar.de\/index.php?rest_route=\/wp\/v2\/pages\/650\/revisions\/1577"}],"wp:attachment":[{"href":"https:\/\/kritzelklar.de\/index.php?rest_route=%2Fwp%2Fv2%2Fmedia&parent=650"}],"curies":[{"name":"wp","href":"https:\/\/api.w.org\/{rel}","templated":true}]}}